{"id":14092,"date":"2026-05-06T14:55:13","date_gmt":"2026-05-06T14:55:13","guid":{"rendered":"https:\/\/missludo.com\/test\/prodotto\/statua-elefante-ganesh-divinita-indu-stile-etnico\/"},"modified":"2026-05-06T14:55:14","modified_gmt":"2026-05-06T14:55:14","slug":"statua-elefante-ganesh-divinita-indu-stile-etnico","status":"publish","type":"product","link":"https:\/\/missludo.com\/test\/prodotto\/statua-elefante-ganesh-divinita-indu-stile-etnico\/","title":{"rendered":"Statua elefante Ganesh divinit\u00e0 Ind\u00f9 stile etnico"},"content":{"rendered":"<p>Statua di Ganesh in Resina &#8211; Divinit\u00e0 Ind\u00f9 Porta Fortuna in Stile Orientale, Color Bronzo e Rosso arredamento etnico orientale esotico<\/p>\n<p>Misure :<\/p>\n<p>Altezza 30 cm c.a.<\/p>\n<p>Larghezza 20 cm c.a.<\/p>\n<p>Profondit\u00e0 20 cm c.a.<\/p>\n","protected":false},"excerpt":{"rendered":"<p>Statua di Ganesh in Resina &#8211; Divinit\u00e0 Ind\u00f9 Porta Fortuna in Stile Orientale, Color Bronzo e Rosso arredamento etnico orientale esotico Misure : Altezza 30&#8230;<\/p>\n","protected":false},"featured_media":14094,"comment_status":"closed","ping_status":"open","template":"","meta":[],"product_brand":[],"product_cat":[133,110,109,144],"product_tag":[],"class_list":{"0":"post-14092","1":"product","2":"type-product","3":"status-publish","4":"has-post-thumbnail","6":"product_cat-artwork","7":"product_cat-decor","8":"product_cat-home-garden","9":"product_cat-sculptures-statues","11":"first","12":"instock","13":"taxable","14":"shipping-taxable","15":"purchasable","16":"product-type-simple"},"aioseo_notices":[],"etheme_brands":{"errors":{"invalid_taxonomy":["Tassonomia non valida."]},"error_data":[]},"_links":{"self":[{"href":"https:\/\/missludo.com\/test\/wp-json\/wp\/v2\/product\/14092","targetHints":{"allow":["GET"]}}],"collection":[{"href":"https:\/\/missludo.com\/test\/wp-json\/wp\/v2\/product"}],"about":[{"href":"https:\/\/missludo.com\/test\/wp-json\/wp\/v2\/types\/product"}],"replies":[{"embeddable":true,"href":"https:\/\/missludo.com\/test\/wp-json\/wp\/v2\/comments?post=14092"}],"version-history":[{"count":1,"href":"https:\/\/missludo.com\/test\/wp-json\/wp\/v2\/product\/14092\/revisions"}],"predecessor-version":[{"id":14093,"href":"https:\/\/missludo.com\/test\/wp-json\/wp\/v2\/product\/14092\/revisions\/14093"}],"wp:featuredmedia":[{"embeddable":true,"href":"https:\/\/missludo.com\/test\/wp-json\/wp\/v2\/media\/14094"}],"wp:attachment":[{"href":"https:\/\/missludo.com\/test\/wp-json\/wp\/v2\/media?parent=14092"}],"wp:term":[{"taxonomy":"product_brand","embeddable":true,"href":"https:\/\/missludo.com\/test\/wp-json\/wp\/v2\/product_brand?post=14092"},{"taxonomy":"product_cat","embeddable":true,"href":"https:\/\/missludo.com\/test\/wp-json\/wp\/v2\/product_cat?post=14092"},{"taxonomy":"product_tag","embeddable":true,"href":"https:\/\/missludo.com\/test\/wp-json\/wp\/v2\/product_tag?post=14092"}],"curies":[{"name":"wp","href":"https:\/\/api.w.org\/{rel}","templated":true}]}}