{"id":14870,"date":"2026-05-06T15:01:41","date_gmt":"2026-05-06T15:01:41","guid":{"rendered":"https:\/\/missludo.com\/test\/prodotto\/lampada-da-tavolo-abatjour-in-vetro-bianca-e-blu\/"},"modified":"2026-05-06T15:01:42","modified_gmt":"2026-05-06T15:01:42","slug":"lampada-da-tavolo-abatjour-in-vetro-bianca-e-blu","status":"publish","type":"product","link":"https:\/\/missludo.com\/test\/prodotto\/lampada-da-tavolo-abatjour-in-vetro-bianca-e-blu\/","title":{"rendered":"Lampada da tavolo abatjour in vetro bianca e blu"},"content":{"rendered":"<h3 data-end=\"98\" data-start=\"0\"><strong data-end=\"96\" data-start=\"4\">\u2728Lampada artigianale in vetro mosaico Bianco\/Blu\u2728<\/strong><\/h3>\n<p data-end=\"382\" data-start=\"100\">Aggiungi un tocco di raffinatezza alla tua casa con questa splendida lampada artigianale in mosaico di vetro, nei delicati toni del <strong data-end=\"252\" data-start=\"232\">bianco e del blu<\/strong>. La combinazione di colori freschi e l&#8217;effetto luminoso che crea la rendono perfetta per ambienti moderni, marini o rilassanti.<\/p>\n<h4 data-end=\"422\" data-start=\"384\"><strong data-end=\"420\" data-start=\"389\">Caratteristiche principali:<\/strong><\/h4>\n<p data-end=\"593\" data-start=\"424\">\u2705 <strong data-end=\"449\" data-start=\"426\">Materiale pregiato:<\/strong> Realizzata a mano con frammenti di vetro mosaico, questa lampada diffonde una luce morbida e avvolgente, creando giochi di colore suggestivi.<\/p>\n<p data-end=\"725\" data-start=\"595\">\u2705 <strong data-end=\"627\" data-start=\"597\">Fatta a mano in Indonesia:<\/strong> Ogni pezzo \u00e8 unico, lavorato con cura da artigiani esperti per garantire qualit\u00e0 e autenticit\u00e0.<\/p>\n<p data-end=\"882\" data-start=\"727\">\u2705 <strong data-end=\"753\" data-start=\"729\">Dimensioni generose:<\/strong> Con le sue misure di <strong data-end=\"794\" data-start=\"775\">36 x 36 x 52 cm<\/strong>, \u00e8 perfetta per illuminare comodini, tavolini o angoli relax con stile e personalit\u00e0.<\/p>\n<p data-end=\"1090\" data-start=\"884\">\u2705 <strong data-end=\"911\" data-start=\"886\">Atmosfera rilassante:<\/strong> La combinazione di bianco e blu evoca la tranquillit\u00e0 del mare, creando un ambiente sereno e accogliente, ideale per camere da letto, soggiorni o spazi dal design mediterraneo.<\/p>\n<p data-end=\"1198\" data-start=\"1092\">\u2705 <strong data-end=\"1138\" data-start=\"1094\">Disponibile in altre varianti di colore:<\/strong><br data-end=\"1141\" data-start=\"1138\">Oltre alla versione <strong data-end=\"1175\" data-start=\"1161\">bianco\/blu<\/strong>, puoi scegliere tra:<\/p>\n<ul data-end=\"1487\" data-start=\"1199\">\n<li data-end=\"1277\" data-start=\"1199\">\n<strong data-end=\"1217\" data-start=\"1201\">Giallo\/Rosso<\/strong> \u2013 Calda e avvolgente, perfetta per atmosfere accoglienti.<\/li>\n<li data-end=\"1352\" data-start=\"1278\">\n<strong data-end=\"1298\" data-start=\"1280\">Bianco\/Marrone<\/strong> \u2013 Neutra ed elegante, adatta a ogni stile d\u2019arredo.<\/li>\n<li data-end=\"1413\" data-start=\"1353\">\n<strong data-end=\"1370\" data-start=\"1355\">Multicolore<\/strong> \u2013 Vivace e artistica, per chi ama osare.<\/li>\n<li data-end=\"1487\" data-start=\"1414\">\n<strong data-end=\"1432\" data-start=\"1416\">Bianco\/Verde<\/strong> \u2013 Fresca e naturale, ideale per un tocco di armonia.<\/li>\n<\/ul>\n<p data-end=\"1588\" data-start=\"1489\">\u2728 <strong data-end=\"1584\" data-start=\"1491\">Un&#8217;opera d&#8217;arte luminosa che unisce tradizione e bellezza per impreziosire ogni ambiente!<\/strong> \u2728<\/p>\n<p data-is-only-node=\"\" data-is-last-node=\"\" data-end=\"1678\" data-start=\"1590\">  <strong data-is-last-node=\"\" data-end=\"1678\" data-start=\"1593\">Contattaci per maggiori informazioni o per acquistare la tua lampada artigianale!<\/strong><\/p>\n","protected":false},"excerpt":{"rendered":"<p>\u2728Lampada artigianale in vetro mosaico Bianco\/Blu\u2728 Aggiungi un tocco di raffinatezza alla tua casa con questa splendida lampada artigianale in mosaico di vetro, nei delicati&#8230;<\/p>\n","protected":false},"featured_media":14872,"comment_status":"closed","ping_status":"open","template":"","meta":[],"product_brand":[],"product_cat":[109,179,178,233],"product_tag":[],"class_list":{"0":"post-14870","1":"product","2":"type-product","3":"status-publish","4":"has-post-thumbnail","6":"product_cat-home-garden","7":"product_cat-lamps","8":"product_cat-lighting-home-garden","9":"product_cat-table-lamps","11":"first","12":"instock","13":"taxable","14":"shipping-taxable","15":"purchasable","16":"product-type-simple"},"aioseo_notices":[],"etheme_brands":{"errors":{"invalid_taxonomy":["Tassonomia non valida."]},"error_data":[]},"_links":{"self":[{"href":"https:\/\/missludo.com\/test\/wp-json\/wp\/v2\/product\/14870","targetHints":{"allow":["GET"]}}],"collection":[{"href":"https:\/\/missludo.com\/test\/wp-json\/wp\/v2\/product"}],"about":[{"href":"https:\/\/missludo.com\/test\/wp-json\/wp\/v2\/types\/product"}],"replies":[{"embeddable":true,"href":"https:\/\/missludo.com\/test\/wp-json\/wp\/v2\/comments?post=14870"}],"version-history":[{"count":1,"href":"https:\/\/missludo.com\/test\/wp-json\/wp\/v2\/product\/14870\/revisions"}],"predecessor-version":[{"id":14871,"href":"https:\/\/missludo.com\/test\/wp-json\/wp\/v2\/product\/14870\/revisions\/14871"}],"wp:featuredmedia":[{"embeddable":true,"href":"https:\/\/missludo.com\/test\/wp-json\/wp\/v2\/media\/14872"}],"wp:attachment":[{"href":"https:\/\/missludo.com\/test\/wp-json\/wp\/v2\/media?parent=14870"}],"wp:term":[{"taxonomy":"product_brand","embeddable":true,"href":"https:\/\/missludo.com\/test\/wp-json\/wp\/v2\/product_brand?post=14870"},{"taxonomy":"product_cat","embeddable":true,"href":"https:\/\/missludo.com\/test\/wp-json\/wp\/v2\/product_cat?post=14870"},{"taxonomy":"product_tag","embeddable":true,"href":"https:\/\/missludo.com\/test\/wp-json\/wp\/v2\/product_tag?post=14870"}],"curies":[{"name":"wp","href":"https:\/\/api.w.org\/{rel}","templated":true}]}}