{"id":14996,"date":"2026-05-06T15:02:53","date_gmt":"2026-05-06T15:02:53","guid":{"rendered":"https:\/\/missludo.com\/test\/prodotto\/gong-drago-professionale-yoga-meditazione-arti-marziali\/"},"modified":"2026-05-06T15:02:54","modified_gmt":"2026-05-06T15:02:54","slug":"gong-drago-professionale-yoga-meditazione-arti-marziali","status":"publish","type":"product","link":"https:\/\/missludo.com\/test\/prodotto\/gong-drago-professionale-yoga-meditazione-arti-marziali\/","title":{"rendered":"Gong drago professionale yoga meditazione arti marziali"},"content":{"rendered":"<p data-start=\"57\" data-end=\"139\"><strong data-start=\"60\" data-end=\"134\">\u2728Gong Professionale &#8220;Mortal Combat&#8221; \u2013 Yoga, Meditazione e Arti Marziali<\/strong> \u2728<\/p>\n<p data-start=\"141\" data-end=\"421\">Un capolavoro di suono ed estetica, il <strong data-start=\"180\" data-end=\"204\">Gong &#8220;Mortal Combat&#8221;<\/strong> \u00e8 un pezzo unico che unisce artigianalit\u00e0 e spiritualit\u00e0. Perfetto per la meditazione, lo yoga e le arti marziali, questo gong produce vibrazioni profonde e armoniche, favorendo il rilassamento e la concentrazione. Disponibile in diversi colori.<\/p>\n<p data-start=\"423\" data-end=\"452\">Caratteristiche principali:<\/p>\n<p data-start=\"454\" data-end=\"613\">\u2705 <strong data-start=\"456\" data-end=\"477\">Materiali premium<\/strong><br data-start=\"477\" data-end=\"480\">Realizzato con <strong data-start=\"495\" data-end=\"533\">21 strati di materiali selezionati<\/strong>, per un suono cristallino e avvolgente che amplifica l\u2019esperienza meditativa.<\/p>\n<p data-start=\"615\" data-end=\"782\">\u2705 <strong data-start=\"617\" data-end=\"643\">Design unico e mistico<\/strong><br data-start=\"643\" data-end=\"646\">Lo stand curvo a <strong data-start=\"663\" data-end=\"681\">forma di drago<\/strong> conferisce un tocco di potenza e bellezza orientale, trasformandolo in un vero elemento di arredo.<\/p>\n<p data-start=\"784\" data-end=\"951\">\u2705 <strong data-start=\"786\" data-end=\"813\">Eleganza e spiritualit\u00e0<\/strong><br data-start=\"813\" data-end=\"816\">Il piatto <strong data-start=\"826\" data-end=\"840\">verde rame<\/strong>, con i suoi riflessi cangianti, dona un\u2019aura di serenit\u00e0 e fascino esotico, perfetta per qualsiasi ambiente.<\/p>\n<p data-start=\"953\" data-end=\"1109\">\u2705 <strong data-start=\"955\" data-end=\"976\">Dimensioni ideali<\/strong><br data-start=\"976\" data-end=\"979\">  <strong data-start=\"982\" data-end=\"1001\">80 \u00d7 40 \u00d7 93 cm<\/strong> \u2013 perfetto per spazi dedicati alla meditazione, centri benessere o ambienti con stile etnico e raffinato.<\/p>\n<p data-start=\"1111\" data-end=\"1293\">\u2705 <strong data-start=\"1113\" data-end=\"1142\">Suono armonico e profondo<\/strong><br data-start=\"1142\" data-end=\"1145\">Le sue vibrazioni migliorano la concentrazione, la meditazione e il rilassamento, rendendolo ideale anche per pratiche energetiche e terapeutiche.<\/p>\n<p data-start=\"1295\" data-end=\"1388\">\u2728 <strong data-start=\"1297\" data-end=\"1384\">Porta equilibrio e serenit\u00e0 nel tuo spazio con il Gong artigianale &#8220;Mortal Combat&#8221;!<\/strong> \u2728<\/p>\n<p data-start=\"1390\" data-end=\"1452\" data-is-last-node=\"\" data-is-only-node=\"\">  <strong data-start=\"1393\" data-end=\"1452\" data-is-last-node=\"\">Contattaci per maggiori informazioni o per acquistarlo!<\/strong><\/p>\n","protected":false},"excerpt":{"rendered":"<p>\u2728Gong Professionale &#8220;Mortal Combat&#8221; \u2013 Yoga, Meditazione e Arti Marziali \u2728 Un capolavoro di suono ed estetica, il Gong &#8220;Mortal Combat&#8221; \u00e8 un pezzo unico&#8230;<\/p>\n","protected":false},"featured_media":14998,"comment_status":"closed","ping_status":"open","template":"","meta":[],"product_brand":[],"product_cat":[275,274,276],"product_tag":[],"class_list":{"0":"post-14996","1":"product","2":"type-product","3":"status-publish","4":"has-post-thumbnail","6":"product_cat-fitness-general-exercise-equipment","7":"product_cat-sporting-goods","8":"product_cat-yoga-pilates","10":"first","11":"instock","12":"taxable","13":"shipping-taxable","14":"purchasable","15":"product-type-simple"},"aioseo_notices":[],"etheme_brands":{"errors":{"invalid_taxonomy":["Tassonomia non valida."]},"error_data":[]},"_links":{"self":[{"href":"https:\/\/missludo.com\/test\/wp-json\/wp\/v2\/product\/14996","targetHints":{"allow":["GET"]}}],"collection":[{"href":"https:\/\/missludo.com\/test\/wp-json\/wp\/v2\/product"}],"about":[{"href":"https:\/\/missludo.com\/test\/wp-json\/wp\/v2\/types\/product"}],"replies":[{"embeddable":true,"href":"https:\/\/missludo.com\/test\/wp-json\/wp\/v2\/comments?post=14996"}],"version-history":[{"count":1,"href":"https:\/\/missludo.com\/test\/wp-json\/wp\/v2\/product\/14996\/revisions"}],"predecessor-version":[{"id":14997,"href":"https:\/\/missludo.com\/test\/wp-json\/wp\/v2\/product\/14996\/revisions\/14997"}],"wp:featuredmedia":[{"embeddable":true,"href":"https:\/\/missludo.com\/test\/wp-json\/wp\/v2\/media\/14998"}],"wp:attachment":[{"href":"https:\/\/missludo.com\/test\/wp-json\/wp\/v2\/media?parent=14996"}],"wp:term":[{"taxonomy":"product_brand","embeddable":true,"href":"https:\/\/missludo.com\/test\/wp-json\/wp\/v2\/product_brand?post=14996"},{"taxonomy":"product_cat","embeddable":true,"href":"https:\/\/missludo.com\/test\/wp-json\/wp\/v2\/product_cat?post=14996"},{"taxonomy":"product_tag","embeddable":true,"href":"https:\/\/missludo.com\/test\/wp-json\/wp\/v2\/product_tag?post=14996"}],"curies":[{"name":"wp","href":"https:\/\/api.w.org\/{rel}","templated":true}]}}